t -315 (base 9) to base 11.
-214
Convert -33 (base 9) to base 7.
-42
0 (base 12) to base 15
0
Convert 2 (base 6) to base 3.
2
What is -17 (base 10) in base 12?
-15
-23 (base 5) to base 13
-10
What is 30 (base 14) in base 2?
101010
Convert -12 (base 16) to base 2.
-10010
What is -36 (base 10) in base 6?
-100
What is -113 (base 5) in base 8?
-41
-20 (base 4) to base 8
-10
-1551 (base 6) to base 4
-12223
1b (base 16) to base 11
25
10 (base 5) to base 4
11
What is -3 (base 4) in base 11?
-3
Convert -1 (base 6) to base 12.
-1
What is a4 (base 12) in base 8?
174
3 (base 6) to base 16
3
Convert -15 (base 7) to base 13.
-c
2 (base 5) to base 16
2
Convert c (base 14) to base 10.
12
Convert -d (base 15) to base 5.
-23
Convert -2 (base 9) to base 10.
-2
-411 (base 5) to base 9
-127
Convert 413 (base 6) to base 14.
ad
-2 (base 10) to base 8
-2
Convert 17 (base 9) to base 2.
10000
What is -6 (base 12) in base 3?
-20
-29 (base 16) to base 11
-38
What is 0 (base 3) in base 2?
0
What is -93 (base 15) in base 12?
-b6
Convert 4 (base 15) to base 16.
4
16 (base 8) to base 12
12
What is 11101 (base 2) in base 9?
32
-138 (base 9) to base 15
-7b
What is -112 (base 4) in base 2?
-10110
Convert -5 (base 12) to base 11.
-5
Convert -33 (base 7) to base 2.
-11000
What is -331 (base 5) in base 6?
-231
Convert 61 (base 11) to base 12.
57
42 (base 14) to base 4
322
Convert -8f (base 16) to base 15.
-98
155 (base 10) to base 12
10b
What is -10010 (base 3) in base 11?
-77
What is -1101100 (base 2) in base 9?
-130
What is -101 (base 2) in base 5?
-10
Convert 2 (base 3) to base 9.
2
What is 1030 (base 5) in base 4?
2030
What is 226 (base 7) in base 12?
9a
What is -101 (base 3) in base 11?
-a
Convert -3 (base 10) to base 8.
-3
Convert -143 (base 7) to base 4.
-1100
Convert 2 (base 7) to base 9.
2
What is 2 (base 3) in base 6?
2
Convert 152 (base 7) to base 12.
72
What is -42 (base 16) in base 15?
-46
Convert 10 (base 15) to base 3.
120
What is 1210 (base 3) in base 16?
30
Convert 2 (base 16) to base 15.
2
What is -150 (base 7) in base 11?
-77
Convert -17 (base 11) to base 3.
-200
100 (base 2) to base 14
4
Convert 5 (base 12) to base 9.
5
What is -11022 (base 4) in base 14?
-198
1 (base 11) to base 2
1
12 (base 6) to base 8
10
What is -135 (base 13) in base 2?
-11010101
What is 1 (base 12) in base 10?
1
What is 3 (base 16) in base 12?
3
Convert 13 (base 12) to base 16.
f
Convert 110000 (base 2) to base 13.
39
Convert -27 (base 9) to base 10.
-25
150 (base 10) to base 7
303
What is 221 (base 6) in base 16?
55
What is -5 (base 9) in base 4?
-11
What is -42 (base 11) in base 13?
-37
Convert 8 (base 12) to base 14.
8
10 (base 8) to base 7
11
Convert 6 (base 13) to base 5.
11
What is -102 (base 5) in base 2?
-11011
Convert -160 (base 11) to base 2.
-10111011
1100110 (base 2) to base 5
402
What is -11 (base 7) in base 3?
-22
Convert 5 (base 10) to base 12.
5
Convert 2110 (base 3) to base 16.
42
Convert -8 (base 15) to base 4.
-20
0 (base 7) to base 3
0
Convert 0 (base 7) to base 15.
0
-5 (base 6) to base 2
-101
What is 201 (base 5) in base 3?
1220
-3 (base 9) to base 4
-3
-202 (base 3) to base 12
-18
Convert -331 (base 6) to base 4.
-1333
-16 (base 13) to base 8
-23
What is -7a (base 14) in base 11?
-99
Convert -1 (base 9) to base 16.
-1
What is 66 (base 7) in base 2?
110000
What is -10 (base 3) in base 9?
-3
-322 (base 5) to base 12
-73
424 (base 6) to base 2
10100000
Convert -34 (base 14) to base 12.
-3a
What is 12 (base 3) in base 15?
5
What is -132 (base 5) in base 6?
-110
-2 (base 8) to base 5
-2
Convert 0 (base 10) to base 13.
0
What is -1223 (base 4) in base 15?
-72
What is -22 (base 13) in base 4?
-130
What is 11111 (base 2) in base 13?
25
What is -96 (base 12) in base 16?
-72
What is -1002 (base 5) in base 15?
-87
0 (base 4) to base 3
0
Convert 101 (base 2) to base 7.
5
-1010 (base 2) to base 15
-a
Convert 161 (base 8) to base 9.
135
Convert -34 (base 15) to base 4.
-301
What is 2 (base 15) in base 11?
2
Convert -31 (base 13) to base 5.
-130
What is -10 (base 3) in base 9?
-3
-2 (base 11) to base 16
-2
e (base 15) to base 10
14
Convert 2 (base 9) to base 10.
2
0 (base 3) to base 14
0
Convert -1322 (base 4) to base 13.
-95
320 (base 4) to base 15
3b
Convert 11 (base 5) to base 16.
6
What is -3 (base 5) in base 4?
-3
31 (base 9) to base 10
28
6 (base 16) to base 8
6
What is 3 (base 5) in base 6?
3
Convert -10110 (base 2) to base 6.
-34
Convert 23 (base 4) to base 12.
b
What is a5 (base 11) in base 15?
7a
What is -db (base 15) in base 16?
-ce
What is 300 (base 6) in base 16?
6c
Convert 6 (base 10) to base 6.
10
-1 (base 11) to base 7
-1
Convert 1d (base 16) to base 12.
25
What is 25 (base 16) in base 9?
41
-11 (base 2) to base 5
-3
Convert 29 (base 15) to base 11.
36
What is -6 (base 16) in base 2?
-110
What is -1 (base 10) in base 7?
-1
What is 127 (base 9) in base 8?
152
Convert -40 (base 8) to base 16.
-20
2 (base 15) to base 9
2
What is -28 (base 10) in base 11?
-26
0 (base 14) to base 9
0
12 (base 6) to base 15
8
-3 (base 11) to base 15
-3
-24 (base 7) to base 13
-15
What is 11 (base 4) in base 10?
5
What is 134 (base 9) in base 16?
70
Convert 213 (base 4) to base 9.
43
Convert 11 (base 14) to base 12.
13
65 (base 7) to base 16
2f
What is -101 (base 2) in base 14?
-5
What is 0 (base 6) in base 5?
0
-212 (base 3) to base 10
-23
-21 (base 14) to base 6
-45
-9 (base 14) to base 4
-21
What is -10110 (base 2) in base 15?
-17
What is -188 (base 9) in base 12?
-115
Convert -26 (base 16) to base 6.
-102
2 (base 5) to base 15
2
Convert 100 (base 10) to base 11.
91
3 (base 8) to base 12
3
Convert 1 (base 13) to base 12.
1
Convert 0 (base 7) to base 5.
0
What is -16 (base 16) in base 5?
-42
Convert -10 (base 12) to base 13.
-c
Convert 231 (base 7) to base 4.
1320
-10 (base 8) to base 7
-11
Convert 3 (base 16) to base 15.
3
What is 20 (base 8) in base 9?
17
10 (base 5) to base 16
5
What is 317 (base 11) in base 10?
381
d (base 16) to base 7
16
-18 (base 15) to base 5
-43
Convert -3 (base 8) to base 10.
-3
-12 (base 7) to base 16
-9
Convert 1 (base 13) to base 14.
1
3 (base 14) to base 7
3
What is -117 (base 10) in base 15?
-7c
Convert 3 (base 16) to base 9.
3
Convert 77 (base 14) to base 2.
1101001
What is 136 (base 11) in base 6?
424
What is 134 (base 13) in base 4?
3110
-21 (base 3) to base 2
-111
Convert 1 (base 7) to base 12.
1
-dd (base 15) to base 9
-251
Convert 92 (base 10) to base 12.
78
0 (base 13) to base 16
0
1 (base 14) to base 3
1
Convert 1011 (base 2) to base 12.
b
122 (base 5) to base 4
211
-10 (base 3) to base 5
-3
-183 (base 9) to base 12
-110
-a (base 13) to base 11
-a
What is -2102 (base 3) in base 15?
-45
Convert -133 (base 7) to base 8.
-111
What is 20 (base 10) in base 2?
10100
49 (base 12) to base 4
321
What is -1 (base 13) in base 5?
-1
8 (base 14) to base 7
11
Convert -2 (base 11) to base 6.
-2
What is -3 (base 7) in base 3?
-10
Convert 111 (base 2) to base 8.
7
Convert -2 (base 16) to base 11.
-2
Convert -a (base 13) to base 6.
-14
What is 9 (base 14) in base 6?
13
Convert 120 (base 5) to base 14.
27
Convert -1 (base 4) to base 11.
-1
What is 5 (base 12) in base 4?
11
What is 4 (base 9) in base 4?
10
27 (base 9) to base 15
1a
Convert 111 (base 3) to base 6.
21
-98 (base 14) to base 7
-251
Convert -203 (base 6) to base 10.
-75
Convert -4 (base 14) to base 6.
-4
What is 10100 (base 2) in base 7?
26
17 (base 10) to base 11
16
Convert -164 (base 12) to base 16.
-dc
13 (base 11) to base 9
15
What is 1 (base 11) in base 10?
1
-1 (base 10) to base 12
-1
10 (base 9) to base 13
9
What is 53 (base 9) in base 14?
36
17 (base 12) to base 4
103
10 (base 2) to base 7
2
Convert -1132 (base 4) to base 12.
-7a
What is -3 (base 5) in base 13?
-3
Convert 24 (base 11) to base 7.
35
Convert -34 (base 16) to base 15.
-37
4 (base 13) to base 2
100
What is -4 (base 12) in base 11?
-4
What is -101 (base 3) in base 10?
-10
-30 (base 14) to base 6
-110
What is 4 (base 11) in base 16?
4
What is -1a8 (base 14) in base 2?
-101011000
11 (base 9) to base 3
101
What is 61 (base 13) in base 2?
1001111
What is 48 (base 14) in base 12?
54
What is 14 (base 15) in base 9?
21
What is -1020 (base 3) in base 5?
-113
Convert 6 (base 9) to base 12.
6
What is 142 (base 5) in base 11?
43
What is 10 